{"id":25222,"date":"2022-09-14T17:26:12","date_gmt":"2022-09-14T17:26:12","guid":{"rendered":"https:\/\/iestrada.edu.ar\/portal\/?page_id=25222"},"modified":"2023-04-27T01:40:42","modified_gmt":"2023-04-27T01:40:42","slug":"pef","status":"publish","type":"page","link":"https:\/\/iestrada.edu.ar\/portal\/pef\/","title":{"rendered":"Profesorado en Filosof\u00eda"},"content":{"rendered":"\t\t<div data-elementor-type=\"wp-page\" data-elementor-id=\"25222\" class=\"elementor elementor-25222\">\n\t\t\t\t\t\t<section class=\"elementor-section elementor-top-section elementor-element elementor-element-9002c6f elementor-section-boxed elementor-section-height-default elementor-section-height-default\" data-id=\"9002c6f\" data-element_type=\"section\" data-e-type=\"section\">\n\t\t\t\t\t\t<div class=\"elementor-container elementor-column-gap-default\">\n\t\t\t\t\t<div class=\"elementor-column elementor-col-100 elementor-top-column elementor-element elementor-element-dc0977b\" data-id=\"dc0977b\" data-element_type=\"column\" data-e-type=\"column\">\n\t\t\t<div class=\"elementor-widget-wrap elementor-element-populated\">\n\t\t\t\t\t\t<div class=\"elementor-element elementor-element-82097bb elementor-widget elementor-widget-heading\" data-id=\"82097bb\" data-element_type=\"widget\" data-e-type=\"widget\" data-widget_type=\"heading.default\">\n\t\t\t\t<div class=\"elementor-widget-container\">\n\t\t\t\t\t<h2 class=\"elementor-heading-title elementor-size-default\">Profesorado en Filosof\u00eda<\/h2>\t\t\t\t<\/div>\n\t\t\t\t<\/div>\n\t\t\t\t\t<\/div>\n\t\t<\/div>\n\t\t\t\t\t<\/div>\n\t\t<\/section>\n\t\t\t\t<section class=\"elementor-section elementor-top-section elementor-element elementor-element-de05ede elementor-section-boxed elementor-section-height-default elementor-section-height-default\" data-id=\"de05ede\" data-element_type=\"section\" data-e-type=\"section\">\n\t\t\t\t\t\t<div class=\"elementor-container elementor-column-gap-default\">\n\t\t\t\t\t<div class=\"elementor-column elementor-col-50 elementor-top-column elementor-element elementor-element-c426768\" data-id=\"c426768\" data-element_type=\"column\" data-e-type=\"column\">\n\t\t\t<div class=\"elementor-widget-wrap elementor-element-populated\">\n\t\t\t\t\t\t<div class=\"elementor-element elementor-element-15f1c5f elementor-widget elementor-widget-text-editor\" data-id=\"15f1c5f\" data-element_type=\"widget\" data-e-type=\"widget\" data-widget_type=\"text-editor.default\">\n\t\t\t\t<div class=\"elementor-widget-container\">\n\t\t\t\t\t\t\t\t\t<strong>T\u00edtulo que Otorga<\/strong>:\u00a0Profesor en Filosof\u00eda.<br>\u00a0<strong>Duraci\u00f3n de la Carrera:<\/strong>\u00a04 a\u00f1os.<br>\u00a0<strong>Competencias de t\u00edtulos:<\/strong>\u00a0Profesor en Filosof\u00eda Nivel Secundario.\t\t\t\t\t\t\t\t<\/div>\n\t\t\t\t<\/div>\n\t\t\t\t<div class=\"elementor-element elementor-element-ad53c23 elementor-invisible elementor-widget elementor-widget-button\" data-id=\"ad53c23\" data-element_type=\"widget\" data-e-type=\"widget\" data-settings=\"{&quot;_animation&quot;:&quot;fadeInUp&quot;}\" data-widget_type=\"button.default\">\n\t\t\t\t<div class=\"elementor-widget-container\">\n\t\t\t\t\t\t\t\t\t<div class=\"elementor-button-wrapper\">\n\t\t\t\t\t<a class=\"elementor-button elementor-button-link elementor-size-sm elementor-animation-pulse-shrink\" href=\"http:\/\/iestrada.edu.ar\/portal\/wp-content\/uploads\/2023\/04\/plan-de-estudio-filosofia.pdf\" target=\"_blank\">\n\t\t\t\t\t\t<span class=\"elementor-button-content-wrapper\">\n\t\t\t\t\t\t<span class=\"elementor-button-icon\">\n\t\t\t\t<i aria-hidden=\"true\" class=\"far fa-file-pdf\"><\/i>\t\t\t<\/span>\n\t\t\t\t\t\t\t\t\t<span class=\"elementor-button-text\">Plan de Estudio<\/span>\n\t\t\t\t\t<\/span>\n\t\t\t\t\t<\/a>\n\t\t\t\t<\/div>\n\t\t\t\t\t\t\t\t<\/div>\n\t\t\t\t<\/div>\n\t\t\t\t\t<\/div>\n\t\t<\/div>\n\t\t\t\t<div class=\"elementor-column elementor-col-50 elementor-top-column elementor-element elementor-element-fe39c2c\" data-id=\"fe39c2c\" data-element_type=\"column\" data-e-type=\"column\">\n\t\t\t<div class=\"elementor-widget-wrap elementor-element-populated\">\n\t\t\t\t\t\t<div class=\"elementor-element elementor-element-f738c60 elementor-view-default elementor-invisible elementor-widget elementor-widget-icon\" data-id=\"f738c60\" data-element_type=\"widget\" data-e-type=\"widget\" data-settings=\"{&quot;_animation&quot;:&quot;fadeInUp&quot;}\" data-widget_type=\"icon.default\">\n\t\t\t\t<div class=\"elementor-widget-container\">\n\t\t\t\t\t\t\t<div class=\"elementor-icon-wrapper\">\n\t\t\t<a class=\"elementor-icon elementor-animation-pulse\" href=\"http:\/\/iestrada.edu.ar\/portal\/wp-content\/uploads\/2022\/11\/Proceso-de-preinscripcion-.pdf\" target=\"_blank\">\n\t\t\t<i aria-hidden=\"true\" class=\"far fa-hand-paper\"><\/i>\t\t\t<\/a>\n\t\t<\/div>\n\t\t\t\t\t\t<\/div>\n\t\t\t\t<\/div>\n\t\t\t\t<div class=\"elementor-element elementor-element-fa8491b elementor-invisible elementor-widget elementor-widget-text-editor\" data-id=\"fa8491b\" data-element_type=\"widget\" data-e-type=\"widget\" data-settings=\"{&quot;_animation&quot;:&quot;fadeInUp&quot;}\" data-widget_type=\"text-editor.default\">\n\t\t\t\t<div class=\"elementor-widget-container\">\n\t\t\t\t\t\t\t\t\t<h2><a href=\"http:\/\/iestrada.edu.ar\/portal\/wp-content\/uploads\/2022\/11\/Proceso-de-preinscripcion-.pdf\" target=\"_blank\" rel=\"noopener\">\u00bfC\u00f3mo es la preinscripci\u00f3n?<\/a><\/h2>\t\t\t\t\t\t\t\t<\/div>\n\t\t\t\t<\/div>\n\t\t\t\t\t<\/div>\n\t\t<\/div>\n\t\t\t\t\t<\/div>\n\t\t<\/section>\n\t\t\t\t<section class=\"elementor-section elementor-top-section elementor-element elementor-element-f5f2eb2 elementor-section-boxed elementor-section-height-default elementor-section-height-default\" data-id=\"f5f2eb2\" data-element_type=\"section\" data-e-type=\"section\">\n\t\t\t\t\t\t<div class=\"elementor-container elementor-column-gap-default\">\n\t\t\t\t\t<div class=\"elementor-column elementor-col-100 elementor-top-column elementor-element elementor-element-7ee9393\" data-id=\"7ee9393\" data-element_type=\"column\" data-e-type=\"column\">\n\t\t\t<div class=\"elementor-widget-wrap elementor-element-populated\">\n\t\t\t\t\t\t<div class=\"elementor-element elementor-element-7ed72c1 elementor-widget elementor-widget-heading\" data-id=\"7ed72c1\" data-element_type=\"widget\" data-e-type=\"widget\" data-widget_type=\"heading.default\">\n\t\t\t\t<div class=\"elementor-widget-container\">\n\t\t\t\t\t<h2 class=\"elementor-heading-title elementor-size-default\">Su formaci\u00f3n incluye:<\/h2>\t\t\t\t<\/div>\n\t\t\t\t<\/div>\n\t\t\t\t\t<\/div>\n\t\t<\/div>\n\t\t\t\t\t<\/div>\n\t\t<\/section>\n\t\t\t\t<section class=\"elementor-section elementor-top-section elementor-element elementor-element-55ffde9 elementor-section-boxed elementor-section-height-default elementor-section-height-default\" data-id=\"55ffde9\" data-element_type=\"section\" data-e-type=\"section\">\n\t\t\t\t\t\t<div class=\"elementor-container elementor-column-gap-default\">\n\t\t\t\t\t<div class=\"elementor-column elementor-col-100 elementor-top-column elementor-element elementor-element-1311d67\" data-id=\"1311d67\" data-element_type=\"column\" data-e-type=\"column\">\n\t\t\t<div class=\"elementor-widget-wrap elementor-element-populated\">\n\t\t\t\t\t\t<div class=\"elementor-element elementor-element-a0a86a9 elementor-widget elementor-widget-text-editor\" data-id=\"a0a86a9\" data-element_type=\"widget\" data-e-type=\"widget\" data-widget_type=\"text-editor.default\">\n\t\t\t\t<div class=\"elementor-widget-container\">\n\t\t\t\t\t\t\t\t\t <div align=\"justify\">El conocimiento del sistema educativo, la escuela, la ense\u00f1anza y el trabajo docente en el contexto hist\u00f3rico y social actual. Algunas de estas unidades curriculares son: Pedagog\u00eda, Did\u00e1ctica, Sistema y Pol\u00edtica Educativa, Psicolog\u00eda Educacional, entre otras.\n\nel conocimiento de las caracter\u00edsticas y necesidades de las y los estudiantes del Nivel Secundario y del Nivel Superior.\n\nel conocimiento de la filosof\u00eda y de los enfoques y estrategias de ense\u00f1anza. Algunas unidades curriculares abordan aspectos vinculados con, por ejemplo, la filosof\u00eda pol\u00edtica, la filosof\u00eda del lenguaje, la \u00e9tica, la est\u00e9tica, entre otras cuestiones.\n\nespacios de pr\u00e1ctica profesional para conocer las instituciones educativas, observar y aprender de docentes experimentados y, progresivamente, planificar, llevar a cabo y evaluar propuestas de ense\u00f1anza en las escuelas. El \u00faltimo tramo de la formaci\u00f3n en la pr\u00e1ctica profesional es la Residencia Pedag\u00f3gica, que implica un per\u00edodo de dictado de clases en el Nivel Secundario. <\/div>\t\t\t\t\t\t\t\t<\/div>\n\t\t\t\t<\/div>\n\t\t\t\t\t<\/div>\n\t\t<\/div>\n\t\t\t\t\t<\/div>\n\t\t<\/section>\n\t\t\t\t<section class=\"elementor-section elementor-top-section elementor-element elementor-element-05580d3 elementor-section-boxed elementor-section-height-default elementor-section-height-default\" data-id=\"05580d3\" data-element_type=\"section\" data-e-type=\"section\">\n\t\t\t\t\t\t<div class=\"elementor-container elementor-column-gap-default\">\n\t\t\t\t\t<div class=\"elementor-column elementor-col-100 elementor-top-column elementor-element elementor-element-e21e0db\" data-id=\"e21e0db\" data-element_type=\"column\" data-e-type=\"column\">\n\t\t\t<div class=\"elementor-widget-wrap elementor-element-populated\">\n\t\t\t\t\t\t<div class=\"elementor-element elementor-element-445deac elementor-widget elementor-widget-heading\" data-id=\"445deac\" data-element_type=\"widget\" data-e-type=\"widget\" data-widget_type=\"heading.default\">\n\t\t\t\t<div class=\"elementor-widget-container\">\n\t\t\t\t\t<h2 class=\"elementor-heading-title elementor-size-default\">Perfil del Egresado:<\/h2>\t\t\t\t<\/div>\n\t\t\t\t<\/div>\n\t\t\t\t\t<\/div>\n\t\t<\/div>\n\t\t\t\t\t<\/div>\n\t\t<\/section>\n\t\t\t\t<section class=\"elementor-section elementor-top-section elementor-element elementor-element-40a2c19 elementor-section-boxed elementor-section-height-default elementor-section-height-default\" data-id=\"40a2c19\" data-element_type=\"section\" data-e-type=\"section\">\n\t\t\t\t\t\t<div class=\"elementor-container elementor-column-gap-default\">\n\t\t\t\t\t<div class=\"elementor-column elementor-col-100 elementor-top-column elementor-element elementor-element-6827a0e\" data-id=\"6827a0e\" data-element_type=\"column\" data-e-type=\"column\">\n\t\t\t<div class=\"elementor-widget-wrap elementor-element-populated\">\n\t\t\t\t\t\t<div class=\"elementor-element elementor-element-f425af4 elementor-widget elementor-widget-text-editor\" data-id=\"f425af4\" data-element_type=\"widget\" data-e-type=\"widget\" data-widget_type=\"text-editor.default\">\n\t\t\t\t<div class=\"elementor-widget-container\">\n\t\t\t\t\t\t\t\t\t<div align=\"justify\">La formaci\u00f3n del profesional docente en Filosof\u00eda se orientar\u00e1 hacia el conocimiento profundo de los problemas de las diferentes \u00e1reas que involucra esta disciplina, y de las formas en que ese conocimiento se constituye en cada \u00e1rea del saber. Asimismo, se orienta hacia una adquisici\u00f3n de las competencias que posibiliten una efectiva relaci\u00f3n de ense\u00f1anza \u2013 aprendizaje de las mismas.\nSe orientar\u00e1 al desarrollo de:\nCompetencias te\u00f3ricas para la elaboraci\u00f3n y transferencia de los contenidos.\nCompetencias hermen\u00e9uticas para la comprensi\u00f3n cr\u00edtica de los sistemas de valores y modelos de vida en los grupos de pertenencia de cada alumno.\nCompetencias cr\u00edtico-reflexivas para la diferenciaci\u00f3n y valoraci\u00f3n de razones que fundamenten el quehacer cient\u00edfico, social, pol\u00edtico, educativo.\nCompetencias para planificar, conducir y evaluar procesos de ense\u00f1anza de esta disciplina y para su tratamiento emp\u00edrico.\nCompetencias para la b\u00fasqueda, producci\u00f3n y recreaci\u00f3n del conocimiento a partir de la construcci\u00f3n de respuestas alternativas a problemas de inter\u00e9s de la comunidad.\nCompetencia para la generaci\u00f3n y favorecimiento del di\u00e1logo entre distintas culturas y creencias, ampliando el criterio para fomentar el respeto y la tolerancia en un mundo globalizado.<\/div>\t\t\t\t\t\t\t\t<\/div>\n\t\t\t\t<\/div>\n\t\t\t\t\t<\/div>\n\t\t<\/div>\n\t\t\t\t\t<\/div>\n\t\t<\/section>\n\t\t\t\t<\/div>\n\t\t","protected":false},"excerpt":{"rendered":"<p>Profesorado en Filosof\u00eda T\u00edtulo que Otorga:\u00a0Profesor en Filosof\u00eda.\u00a0Duraci\u00f3n de la Carrera:\u00a04 a\u00f1os.\u00a0Competencias de t\u00edtulos:\u00a0Profesor en Filosof\u00eda Nivel Secundario. Plan de Estudio \u00bfC\u00f3mo es la preinscripci\u00f3n? Su formaci\u00f3n incluye: El conocimiento del sistema educativo, la escuela, la ense\u00f1anza y el trabajo docente en el contexto hist\u00f3rico y social actual. Algunas de estas unidades curriculares son: Pedagog\u00eda, [&hellip;]<\/p>\n","protected":false},"author":8,"featured_media":0,"parent":0,"menu_order":0,"comment_status":"closed","ping_status":"closed","template":"","meta":{"site-sidebar-layout":"no-sidebar","site-content-layout":"page-builder","ast-site-content-layout":"default","site-content-style":"default","site-sidebar-style":"default","ast-global-header-display":"","ast-banner-title-visibility":"","ast-main-header-display":"","ast-hfb-above-header-display":"","ast-hfb-below-header-display":"","ast-hfb-mobile-header-display":"","site-post-title":"disabled","ast-breadcrumbs-content":"","ast-featured-img":"disabled","footer-sml-layout":"","ast-disable-related-posts":"","theme-transparent-header-meta":"","adv-header-id-meta":"","stick-header-meta":"","header-above-stick-meta":"","header-main-stick-meta":"","header-below-stick-meta":"","astra-migrate-meta-layouts":"default","ast-page-background-enabled":"default","ast-page-background-meta":{"desktop":{"background-color":"","background-image":"","background-repeat":"repeat","background-position":"center center","background-size":"auto","background-attachment":"scroll","background-type":"","background-media":"","overlay-type":"","overlay-color":"","overlay-opacity":"","overlay-gradient":""},"tablet":{"background-color":"","background-image":"","background-repeat":"repeat","background-position":"center center","background-size":"auto","background-attachment":"scroll","background-type":"","background-media":"","overlay-type":"","overlay-color":"","overlay-opacity":"","overlay-gradient":""},"mobile":{"background-color":"","background-image":"","background-repeat":"repeat","background-position":"center center","background-size":"auto","background-attachment":"scroll","background-type":"","background-media":"","overlay-type":"","overlay-color":"","overlay-opacity":"","overlay-gradient":""}},"ast-content-background-meta":{"desktop":{"background-color":"var(--ast-global-color-5)","background-image":"","background-repeat":"repeat","background-position":"center center","background-size":"auto","background-attachment":"scroll","background-type":"","background-media":"","overlay-type":"","overlay-color":"","overlay-opacity":"","overlay-gradient":""},"tablet":{"background-color":"var(--ast-global-color-5)","background-image":"","background-repeat":"repeat","background-position":"center center","background-size":"auto","background-attachment":"scroll","background-type":"","background-media":"","overlay-type":"","overlay-color":"","overlay-opacity":"","overlay-gradient":""},"mobile":{"background-color":"var(--ast-global-color-5)","background-image":"","background-repeat":"repeat","background-position":"center center","background-size":"auto","background-attachment":"scroll","background-type":"","background-media":"","overlay-type":"","overlay-color":"","overlay-opacity":"","overlay-gradient":""}},"footnotes":""},"class_list":["post-25222","page","type-page","status-publish","hentry"],"_links":{"self":[{"href":"https:\/\/iestrada.edu.ar\/portal\/wp-json\/wp\/v2\/pages\/25222","targetHints":{"allow":["GET"]}}],"collection":[{"href":"https:\/\/iestrada.edu.ar\/portal\/wp-json\/wp\/v2\/pages"}],"about":[{"href":"https:\/\/iestrada.edu.ar\/portal\/wp-json\/wp\/v2\/types\/page"}],"author":[{"embeddable":true,"href":"https:\/\/iestrada.edu.ar\/portal\/wp-json\/wp\/v2\/users\/8"}],"replies":[{"embeddable":true,"href":"https:\/\/iestrada.edu.ar\/portal\/wp-json\/wp\/v2\/comments?post=25222"}],"version-history":[{"count":45,"href":"https:\/\/iestrada.edu.ar\/portal\/wp-json\/wp\/v2\/pages\/25222\/revisions"}],"predecessor-version":[{"id":26266,"href":"https:\/\/iestrada.edu.ar\/portal\/wp-json\/wp\/v2\/pages\/25222\/revisions\/26266"}],"wp:attachment":[{"href":"https:\/\/iestrada.edu.ar\/portal\/wp-json\/wp\/v2\/media?parent=25222"}],"curies":[{"name":"wp","href":"https:\/\/api.w.org\/{rel}","templated":true}]}}